Is 54799 prime?
True
Is 193937 a composite number?
False
Is 39563 prime?
True
Is 299143 prime?
False
Is 360317 a composite number?
False
Is 364601 a prime number?
True
Is 173773 prime?
True
Is 439 a composite number?
False
Is 14137 a composite number?
True
Is 109289 prime?
False
Is 36599 composite?
False
Is 89751 a composite number?
True
Is 5161 composite?
True
Is 19622 prime?
False
Is 38 a composite number?
True
Is 26651 composite?
True
Is 1361 composite?
False
Is 163561 a composite number?
False
Is 1697621 a composite number?
False
Is 64709 composite?
False
Is 90641 a prime number?
True
Is 77305 composite?
True
Is 1102009 prime?
False
Is 5453135 composite?
True
Is 220243 prime?
True
Is 429411 composite?
True
Is 1193 a prime number?
True
Is 98399 a composite number?
True
Is 25435 composite?
True
Is 100777 composite?
True
Is 3064207 prime?
True
Is 116783 a prime number?
False
Is 45039 a composite number?
True
Is 15763 a composite number?
True
Is 1361 composite?
False
Is 233641 composite?
False
Is 6031 prime?
False
Is 185353 prime?
False
Is 1135391 a prime number?
False
Is 150697 composite?
False
Is 10973 composite?
False
Is 4547 composite?
False
Is 34361 a prime number?
True
Is 146539 prime?
True
Is 5623 a composite number?
False
Is 8287 prime?
True
Is 7669 a prime number?
True
Is 1543 a prime number?
True
Is 3743 prime?
False
Is 1651 a composite number?
True
Is 17153 a prime number?
False
Is 92087 prime?
False
Is 1255 composite?
True
Is 1136959 composite?
True
Is 393181 a composite number?
False
Is 58666 a prime number?
False
Is 298465 prime?
False
Is 33589 a composite number?
False
Is 19109 prime?
False
Is 20561 composite?
True
Is 3607 a composite number?
False
Is 298951 a composite number?
True
Is 89653 a composite number?
False
Is 1426457 a composite number?
False
Is 15563 a composite number?
True
Is 326 prime?
False
Is 8605 a prime number?
False
Is 459271 a prime number?
True
Is 277687 prime?
True
Is 46993 a composite number?
False
Is 7279 a composite number?
True
Is 3433 composite?
False
Is 985447 prime?
True
Is 37865 composite?
True
Is 1197167 a composite number?
False
Is 22613 a prime number?
True
Is 346481 composite?
True
Is 7901 a composite number?
False
Is 21379 a prime number?
True
Is 473887 prime?
True
Is 8209 a prime number?
True
Is 156167 a composite number?
True
Is 2813 composite?
True
Is 145307 prime?
True
Is 19973 a prime number?
True
Is 9413 a composite number?
False
Is 22247 a composite number?
False
Is 1582409 a composite number?
False
Is 39363 composite?
True
Is 118661 composite?
False
Is 9311 a prime number?
True
Is 697489 a composite number?
True
Is 836869 composite?
True
Is 150931 composite?
True
Is 54931 prime?
False
Is 2912041 a prime number?
False
Is 5647 composite?
False
Is 5045 composite?
True
Is 111057 a composite number?
True
Is 1132211 prime?
False
Is 209041 composite?
True
Is 21817 a composite number?
False
Is 9311 composite?
False
Is 3883 a composite number?
True
Is 1895 a prime number?
False
Is 23783 prime?
False
Is 154003 prime?
False
Is 11197 a prime number?
True
Is 6913 prime?
False
Is 22921 composite?
False
Is 63419 composite?
False
Is 73819 a composite number?
False
Is 3907 a prime number?
True
Is 355369 a composite number?
True
Is 409367 a composite number?
True
Is 913 prime?
False
Is 2513 prime?
False
Is 733607 a composite number?
True
Is 32993 composite?
False
Is 2503 a composite number?
False
Is 354891 composite?
True
Is 4427 prime?
False
Is 552883 prime?
True
Is 487 a prime number?
True
Is 170967 prime?
False
Is 23957 composite?
False
Is 36731 a prime number?
False
Is 4273967 composite?
False
Is 28961 a composite number?
False
Is 293431 a composite number?
False
Is 31363 composite?
True
Is 30781 a composite number?
False
Is 774901 prime?
True
Is 72763 prime?
True
Is 33377 composite?
False
Is 5953 a prime number?
True
Is 6587 prime?
False
Is 2777 a composite number?
False
Is 1903 a composite number?
True
Is 49213 a composite number?
True
Is 52303 a prime number?
False
Is 92611 a composite number?
True
Is 233743 a prime number?
True
Is 11429 composite?
True
Is 18973 composite?
False
Is 234569 a composite number?
True
Is 8861 a prime number?
True
Is 282839 prime?
False
Is 123601 composite?
False
Is 649 prime?
False
Is 1188743 composite?
True
Is 7717 a composite number?
False
Is 4583 a prime number?
True
Is 43574 a prime number?
False
Is 5911 composite?
True
Is 325421 composite?
False
Is 417557 a composite number?
True
Is 379826 prime?
False
Is 10077 prime?
False
Is 21767 a composite number?
False
Is 69097 composite?
True
Is 4547 composite?
False
Is 216289 a composite number?
False
Is 15683 composite?
False
Is 109297 a prime number?
True
Is 1276481 composite?
False
Is 6559 composite?
True
Is 1537 prime?
False
Is 49253 prime?
True
Is 904847 a composite number?
False
Is 423499 a prime number?
False
Is 3635 composite?
True
Is 18633 prime?
False
Is 38351 a prime number?
True
Is 426295 a composite number?
True
Is 27733 a composite number?
False
Is 7223 prime?
False
Is 1244077 a prime number?
False
Is 80429 prime?
True
Is 140713 prime?
False
Is 9017 prime?
False
Is 316633 prime?
True
Is 18287 composite?
False
Is 16087 composite?
False
Is 1361 composite?
False
Is 39587 a prime number?
False
Is 219251 a prime number?
True
Is 242239 prime?
False
Is 112649 composite?
True
Is 2386 composite?
True
Is 94229 a prime number?
True
Is 12197 composite?
False
Is 4341993 a prime number?
False
Is 94193 composite?
True
Is 571839 a prime number?
False
Is 392759 a prime number?
True
Is 14519 a prime number?
True
Is 28411 prime?
True
Is 1334233 prime?
True
Is 240553 a prime number?
False
Is 15493 prime?
True
Is 330373 a composite number?
True
Is 161347 a composite number?
True
Is 219311 a composite number?
False
Is 682247 a composite number?
False
Is 718801 composite?
False
Is 96619 a composite number?
True
Is 53047 a prime number?
True
Is 403 prime?
False
Is 7499 a prime number?
True
Is 3824477 prime?
True
Is 174803 prime?
False
Is 717203 composite?
True
Is 668851 prime?
True
Is 13451 a composite number?
False
Is 76907 composite?
False
Is 1292983 a composite number?
False
Is 21961 composite?
False
Is 44611 prime?
False
Is 133051 prime?
True
Is 1095401 composite?
False
Is 13519 a prime number?
False
Is 5531 a prime number?
True
Is 189541 a prime number?
False
Is 1847 composite?
False
Is 14683 a composite number?
False
Is 638665 a prime number?
False
Is 3791 a prime number?
False
Is 627635 composite?
True
Is 9847 prime?
False
Is 408743 prime?
True
Is 63299 a composite number?
False
Is 197947 a composite number?
False
Is 52951 a prime number?
True
Is 25369 composite?
True
Is 968441 a prime number?
False
Is 4663 a composite number?
False
Is 304951 prime?
False
Is 5791 composite?
False
Is 9977 prime?
False
Is 12677 composite?
True
Is 80251 a prime number?
True
Is 1595387 a composite number?
True
Is 222823 a composite number?
False
Is 877 a prime number?
True
Is 3380113 composite?
True
Is 810631 prime?
False
Is 57374 a prime number?
False
Is 435185 a prime number?
False
Is 46381 composite?
False
Is 332383 a prime number?
False
Is 360923 a composite number?
True
Is 7961 composite?
True
Is 2749 a prime number?
True
Is 886895 composite?
True
Is 1214 prime?
False
Is 347 a composite number?
False
Is 1949 prime?
True
Is 570613 a prime number?
True
Is 436217 prime?
True
Is 251 a prime number?
True
Is 21653 a prime number?
False
Is 900733 a composite number?
True
Is 93397 composite?
True
Is 133901 a prime number?
False
Is 7723 composite?
False
Is 19841 prime?
True
Is 2429927 composite?
True
Is 15491 composite?
True
Is 51941 a prime number?
True
Is 49409 a composite number?
False
Is 115727 composite?
False
Is 539621 composite?
False
Is 57413 composite?
False
Is 84401 a prime number?
True
Is 25661 a prime number?
False
Is 787 composite?
False
Is 312491 prime?
False
Is 21227 a prime number?
True
Is 338407 prime?
True
Is 128462 a prime number?
False
Is 523339 prime?
False
Is 25787 composite?
True
Is 5809 a composite number?
True
Is 28771 a prime number?
True
Is 943 composite?
True
Is 714737 composite?
True
Is 366461 composite?
False
Is 24143 a prime number?
False
Is 2018329 a composite number?
True
Is 3118807 composite?
False
Is 3863 prim